(-2)/(24/j) composite?
False
Suppose 1 = 2*z - 9. Let v = z - 3. Suppose v*q - 68 = 6. Is q prime?
True
Let d be 705/(-6)*16/(-10). Let l = d - 121. Is l a composite number?
False
Suppose -4*o = -2*j - o, -2*j + 2*o = 0. Suppose j = -v - v + 200. Suppose -4*i + 4*p = -196, -v = -2*i - 0*i + 3*p. Is i a composite number?
False
Let a be 1/(-2) - 45/(-10). Suppose 10 = -5*k, -a*d + 6*d + 5*k - 4 = 0. Is d composite?
False
Let d(l) = l**2 + 3*l - 4. Let m be 1 + 1 + 5 + -4. Let x be d(m). Is (x/3)/((-1)/(-3)) a composite number?
True
Suppose -4*t + 5*t = 691. Is t composite?
False
Suppose -5*b = b - 1542. Is b prime?
True
Suppose 2*f - 2*m - 13 + 1 = 0, 0 = 2*m. Let h(k) = -k**2 - 9*k - 7. Let r be h(-6). Is r/(-3)*f/(-1) composite?
True
Let m = -21 - -25. Suppose -k + 1335 = m*k. Is k prime?
False
Let m(a) be the first derivative of -a**3/3 - 3*a**2 - 3*a - 2. Let x be m(-5). Suppose -4*d + 130 = -x*d. Is d composite?
True
Let d be (392/12)/((-1)/(-48)). Let q = d - 759. Is q composite?
False
Suppose -s - 435 = -4*s. Let v = s + -5. Suppose 4*l - 757 = -3*z, 109 = z + 2*l - v. Is z composite?
True
Suppose 0 = -4*r - 8*b + 3*b + 3797, -3*r - b + 2856 = 0. Suppose p - 240 = -3*s, 7*p + 5*s = 3*p + r. Is p a prime number?
False
Let p = 6418 - 3189. Is p a composite number?
False
Suppose -7 + 3 = -2*u. Is -7*-2*13/u a composite number?
True
Let z(a) = -7*a + a**2 + 6*a - 2 - 9. Is z(-9) a composite number?
False
Suppose 0 = 11*w - 6*w - 4865. Is w prime?
False
Let k(a) be the third derivative of a**8/20160 + a**7/840 - a**5/20 - 3*a**2. Let r(v) be the third derivative of k(v). Is r(-7) prime?
True
Let i(w) = -w + 1. Let x be i(-4). Suppose 0 = -2*q + 2*f + 26 + 30, 124 = 5*q + 3*f. Let o = q - x. Is o a prime number?
False
Suppose 3*z = -5*f - 20, -2*z - f + 4*f + 12 = 0. Let v = 2 - z. Suppose w - 4*a - 110 = -a, 170 = v*w + 4*a. Is w a prime number?
False
Suppose 3*h - 6 = -2*v + 2, -3*h = 0. Suppose 274 = v*z - 62. Suppose -3*o - z = -7*o. Is o a prime number?
False
Suppose 2*n - 2*a - 446 = 0, -892 = 3*n - 7*n - 2*a. Is n composite?
False
Let j(w) = -2*w - 5. Let o be j(-7). Suppose 2*u = -4*s - 29 + o, 0 = 4*u - 3*s - 4. Is 13*(-3)/6*u composite?
False
Let g = 1262 + 9. Is g a composite number?
True
Suppose -17 = -4*u - o, -2*u + 5*o = u + 16. Is u composite?
False
Let r be 56/12 + 1/3. Suppose 0 = r*l + 5*n - 140, 0 = -3*l + 5*n + 45 + 47. Suppose -4*y + 70 = 2*b, -y + 144 = 3*b + l. Is b composite?
True
Suppose 3*t - t = 0. Suppose -4*b + 2*h = -t*h - 3048, -5*h - 3815 = -5*b. Is b prime?
True
Is 28/(-16)*(2 - 126) prime?
False
Let v = 2781 + 2080. Is v composite?
False
Suppose -2*x - 71 + 412 = -5*p, -700 = -4*x + 4*p. Suppose 5*r - x - 37 = 0. Is r composite?
False
Let s(n) be the third derivative of -n**6/120 + n**5/12 + 7*n**4/24 - 4*n**3/3 - 2*n**2. Let m be s(6). Is (-30)/m - (0 + 0) prime?
False
Let w = -954 + 1751. Is w a composite number?
False
Let s(x) = x - 5. Let r be s(5). Suppose r = 5*i - 239 - 26. Is i a prime number?
True
Let g be (2 - 2)/1 + 3. Suppose g*n = -0*n. Suppose n = -k + 26 + 29. Is k a prime number?
False
Suppose -5*a - 285 = -8*a. Suppose 3 = 2*f - 5*f, 82 = -2*j - 2*f. Let z = a + j. Is z a composite number?
True
Let i(x) = 46*x**3 + x**2 - 2*x + 1. Suppose 5*n + 3*o - 2 = 0, n + 0*n = -3*o - 2. Is i(n) composite?
True
Let y(m) = m**2 + 4*m + 2. Let u be y(-4). Is -6*26/(-12)*u composite?
True
Suppose 0 = -k + 6*k. Is ((-2)/2 - -4) + k composite?
False
Let y(c) = -3*c**3 + c**2 - 4*c - 1. Is y(-5) prime?
True
Suppose 1877 = 3*d + 4*v, 4*d - 5*v - 1913 = d. Is d prime?
True
Suppose -f + 3*f = 0. Suppose -3 = 3*u - f*u, -5*z + 443 = 2*u. Is z a composite number?
False
Suppose -l = -2*i + 2330, 4*i = 5*i + 5*l - 1143. Is i a composite number?
False
Suppose 0 = -z + 4*z + 9, 4*z = 2*b - 110. Is b prime?
False
Suppose -3*c = -2*c - 382. Is c a prime number?
False
Let y(l) = l**3 + 8*l**2 + 6*l - 3. Let q = -6 - -8. Let m(i) = -3*i**2 + 3*i. Let k be m(q). Is y(k) composite?
True
Let h be 0 - -158 - (3 - 1). Suppose -3*k + h = 4*b - k, -5*k - 39 = -b. Is b prime?
False
Suppose 6*w - 3263 = -7*w. Is w composite?
False
Let d = 1183 - 686. Is d composite?
True
Let k be (5 - -1 - 3) + 1029. Suppose -c - k = -4*z, -3*z - 421 = -5*c - 1212. Is z composite?
False
Let w be 2*15*(-15)/(-18). Let m = w + 42. Is m a composite number?
False
Let w(t) = -t**2 - t + 60. Let p be w(0). Suppose 0 = -3*c + 2*g + p + 79, 2*g = 2*c - 92. Is c a prime number?
True
Is (-1)/(3/(-1899)*1) prime?
False
Is 15472/48 - 4/(-6) prime?
False
Let y be 4/22 - 1017/(-33). Let z = y - 18. Is z a prime number?
True
Is 221 + 4 + 4 + -6 composite?
False
Let j(h) = h**3 - h + 2. Let n be j(0). Suppose 0 = n*x + 2*x - 8. Is x a prime number?
True
Let y(n) = n**3 - n**2 + 7. Let k = -2 + 2. Is y(k) prime?
True
Let c be -2 + 5/(10/12). Suppose -x = 5*i - 33 - 35, 2*i + 206 = c*x. Is x prime?
True
Suppose s + 2*s = -168. Let q = s - -175. Is q a prime number?
False
Let x(j) = j**2 + j - 4. Let v be x(-3). Suppose 3*g = 3*r + r + 5, r = 4*g + v. Is 495/10 - (-1)/r composite?
True
Suppose -3*t + 2*x - 18 = -433, 5*t - 701 = x. Is t prime?
False
Suppose -2*y = -4 - 2. Suppose 5*d + 97 = y*r, -2*r + 4*d + 13 = -49. Is r a prime number?
False
Let j = 14 + -12. Suppose -1 = -5*r - 6, j*p - 3*r = 2089. Is p composite?
True
Let s(u) = 45*u**2 + 8*u - 14. Is s(5) a prime number?
True
Suppose -4*u = -0*u - 1256. Suppose 4*w - 2*w = u. Is w composite?
False
Suppose 4*f + 2045 = 9*f. Is f a prime number?
True
Let m be (0 - -1) + 4/4. Suppose -m*a - o + 4 = 0, 2*a = -o + 5*o + 14. Suppose 0 = -5*v - 4*z + 105, a*v + 0*z + z = 63. Is v a composite number?
True
Let p(f) = 5*f + 3. Let n be p(-2). Let d(r) = -6*r - 2 - 2*r**2 - 4 + 3*r**2. Is d(n) a prime number?
False
Let i(t) = 3*t**2 + 13*t - 11. Is i(10) a composite number?
False
Let w be 2/(-4) - (-10)/4. Suppose 2*x - 84 = -w*x. Is x a composite number?
True
Suppose -4 = -34*c + 33*c. Suppose -4*u + 20 = -3*y + 7*y, 4*u + 1 = 3*y. Suppose -4*d + 49 = y*b, c*d - 2*d + 5*b - 21 = 0. Is d a composite number?
False
Let w(f) = f + 6. Let b be w(-5). Is 1/b*(-1 + 288) composite?
True
Let r be (224/(-20))/((-2)/10). Let f = -113 + r. Is f/(-21) - 4/(-14) a prime number?
True
Suppose 5 = -t + 7. Suppose 2*b + 3*s - 175 = 606, 0 = -t*b - 2*s + 784. Is b a prime number?
False
Suppose -3*r + 4*u - 27 - 41 = 0, -2*r = -3*u + 44. Is r/(-2)*6/12 a prime number?
True
Let p = -2270 - -4201. Is p composite?
False
Let b(m) = 5 - 1 - 3*m + 6. Suppose -w - 3*n + 27 = -3*w, 0 = -2*w - 2*n - 12. Is b(w) a prime number?
True
Let x(s) = 138*s**2 - s + 13. Is x(4) a composite number?
True
Suppose 3*r = 4*g + 540 - 3079, -3*r - 646 = -g. Is g a prime number?
True
Let t(b) be the second derivative of -b**5/20 - b**4/3 - 2*b**3/3 + 5*b**2/2 + 3*b. Is t(-4) a composite number?
True
Suppose 2*m = -8, -3*m - 2*m - 199 = -f. Is f a composite number?
False
Suppose -34*t + 39*t = 1535. Is t composite?
False
Let x be (-24)/15*35/2. Let j = -13 - x. Suppose -g = -6*g + j. Is g a composite number?
False
Let p(q) = q**2 - 3*q + 3. Let c = 8 - 12. Is p(c) prime?
True
Suppose k + 0*r - 5*r = -18, 2*r = 8. Suppose 3*i - k*i = 129. Is i prime?
False
Suppose -3*l + 0*k = 5*k - 3178, -l + 2*k + 1063 = 0. Is l composite?
False
Let k = -4 + 2. Let u be 2*147/18 - (-2)/(-6). Is u/12*(-87)/k a composite number?
True
Let n be (-6)/(-14) - 31/7. Let u = 7 - n. Is u a composite number?
False
Suppose 2*t = -4*n + 7490, -7*t + 5*n - 3742 = -8*t. Is t a composite number?
True
Let t(o) = 79*o**3 - o**2 - 5. Is t(2) a composite number?
True
Suppose 5*p - 8*p + 609 = 0. Is p prime?
False
Suppose 812 + 848 = 4*m. Is m a prime number?
False
Let s(y) = -28*y + 1. Let h be ((-42)/35)/(1/5). Is s(h) prime?
False
Suppose 2211 - 9536 = -5*u. Is u composite?
True
Let p be -5*(1 + 9/(-15)). Let q be (1 + p)/(-1) + -1. Suppose -f = -q*f - 79. Is f a prime number?
True
Suppose -3*d = 4*y - 2471, 7*d - y = 2*d + 4103. Is d a composite number?
False
Suppose 3*i = 3, -3*r + 6 = -r + 2*i. Suppose -r*q - 29 = 501. Let k = 392 + q. Is k a prime number?
True
Let o be (-2 + -1)*(-6)/2. Let n = o + -5. Let c(s) = s**2 - 2*s - 5. Is c(n) composite?
False
Let p be (-45)/6 + (-3)/(-6). Let r(m